{"id":13330,"date":"2024-01-22T17:42:41","date_gmt":"2024-01-22T17:42:41","guid":{"rendered":"https:\/\/www.itaca.upv.es\/?page_id=13330"},"modified":"2026-01-21T13:09:03","modified_gmt":"2026-01-21T13:09:03","slug":"committees","status":"publish","type":"page","link":"https:\/\/www.itaca.upv.es\/wiict\/committees\/","title":{"rendered":"Committees"},"content":{"rendered":"\n[et_pb_section fb_built=\u00bb1&#8243; fullwidth=\u00bbon\u00bb _builder_version=\u00bb4.23&#8243; _module_preset=\u00bbdefault\u00bb saved_tabs=\u00bball\u00bb global_colors_info=\u00bb{}\u00bb][et_pb_fullwidth_header title=\u00bbWorkshop on Innovation in Information and Communication Tecnologies 2026&#8243; text_orientation=\u00bbcenter\u00bb _builder_version=\u00bb4.27.5&#8243; _module_preset=\u00bbdefault\u00bb title_font=\u00bb|700|||||||\u00bb title_font_size=\u00bb62px\u00bb background_color=\u00bbrgba(0,0,0,0.43)\u00bb background_image=\u00bbhttps:\/\/www.itaca.upv.es\/wiict\/wp-content\/uploads\/2026\/01\/Foto_WEB.webp\u00bb custom_padding=\u00bb10%||10%||false|false\u00bb hover_enabled=\u00bb0&#8243; title_font_size_tablet=\u00bb\u00bb title_font_size_phone=\u00bb25px\u00bb title_font_size_last_edited=\u00bbon|phone\u00bb global_colors_info=\u00bb{}\u00bb sticky_enabled=\u00bb0&#8243; title_text=\u00bbFoto_WEB\u00bb background_blend=\u00bbdarken\u00bb][\/et_pb_fullwidth_header][\/et_pb_section][et_pb_section fb_built=\u00bb1&#8243; disabled_on=\u00bboff|on|on\u00bb _builder_version=\u00bb4.23&#8243; _module_preset=\u00bbdefault\u00bb custom_padding=\u00bb40px||5px|||\u00bb global_colors_info=\u00bb{}\u00bb][et_pb_row disabled_on=\u00bboff|off|off\u00bb _builder_version=\u00bb4.23&#8243; _module_preset=\u00bbdefault\u00bb width=\u00bb100%\u00bb width_tablet=\u00bb96%\u00bb width_phone=\u00bb96%\u00bb width_last_edited=\u00bbon|phone\u00bb max_width=\u00bb1200px\u00bb global_colors_info=\u00bb{}\u00bb][et_pb_column type=\u00bb4_4&#8243; _builder_version=\u00bb4.22.1&#8243; _module_preset=\u00bbdefault\u00bb global_colors_info=\u00bb{}\u00bb][et_pb_text _builder_version=\u00bb4.27.5&#8243; _module_preset=\u00bbdefault\u00bb header_font=\u00bb|800|||||||\u00bb header_text_align=\u00bbleft\u00bb header_text_color=\u00bb#3F4444&#8243; hover_enabled=\u00bb0&#8243; global_colors_info=\u00bb{}\u00bb sticky_enabled=\u00bb0&#8243;]<h1>Committees<\/h1>[\/et_pb_text][\/et_pb_column][\/et_pb_row][\/et_pb_section][et_pb_section fb_built=\u00bb1&#8243; fullwidth=\u00bbon\u00bb disabled_on=\u00bbon|off|off\u00bb module_class=\u00bbtitulo-grande \u00bb _builder_version=\u00bb4.23.1&#8243; _module_preset=\u00bbdefault\u00bb custom_margin=\u00bb||35px||false|false\u00bb global_colors_info=\u00bb{}\u00bb][et_pb_fullwidth_header title=\u00bbCommittees\u00bb _builder_version=\u00bb4.24.0&#8243; _module_preset=\u00bbdefault\u00bb title_font=\u00bb|700|||||||\u00bb title_text_align=\u00bbright\u00bb title_text_color=\u00bb#f1f1f1&#8243; title_font_size=\u00bb200px\u00bb background_color=\u00bbRGBA(255,255,255,0)\u00bb width=\u00bb100%\u00bb module_alignment=\u00bbright\u00bb custom_margin=\u00bb|0px||0px|false|false\u00bb custom_padding=\u00bb0px|0px|10px|0px|false|false\u00bb global_colors_info=\u00bb{}\u00bb][\/et_pb_fullwidth_header][\/et_pb_section][et_pb_section fb_built=\u00bb1&#8243; _builder_version=\u00bb4.22.1&#8243; _module_preset=\u00bbdefault\u00bb custom_padding=\u00bb3px|||||\u00bb global_colors_info=\u00bb{}\u00bb][et_pb_row _builder_version=\u00bb4.23&#8243; _module_preset=\u00bbdefault\u00bb width=\u00bb100%\u00bb width_tablet=\u00bb96%\u00bb width_phone=\u00bb96%\u00bb width_last_edited=\u00bbon|phone\u00bb max_width=\u00bb1200px\u00bb global_colors_info=\u00bb{}\u00bb][et_pb_column type=\u00bb4_4&#8243; _builder_version=\u00bb4.23&#8243; _module_preset=\u00bbdefault\u00bb global_colors_info=\u00bb{}\u00bb][et_pb_text _builder_version=\u00bb4.27.5&#8243; _module_preset=\u00bbdefault\u00bb text_line_height=\u00bb1.3em\u00bb custom_margin=\u00bb||||false|false\u00bb custom_padding=\u00bb||||false|false\u00bb hover_enabled=\u00bb0&#8243; custom_css_free_form=\u00bbli {||  margin-bottom: 15px;||}\u00bb global_colors_info=\u00bb{}\u00bb sticky_enabled=\u00bb0&#8243;]<h3><strong>Organizing Committee<\/strong><\/h3>\n<ul class=\"listCommittee\">\n<li><strong>Chair<\/strong>: Antonio Martinez-Millana, Universitat Polit\u00e8cnica de Val\u00e8ncia, Spain<\/li>\n<li>Maria Guillem, Universitat Polit\u00e8cnica de Val\u00e8ncia, Spain<\/li>\n<li>David de Andres, Universitat Polit\u00e8cnica de Val\u00e8ncia, Spain<\/li>\n<li>Carlos Fern\u00e1ndez-Llatas, Universitat Polit\u00e8cnica de Val\u00e8ncia, Spain<\/li>\n<li>Jose Mariano Dahoui, Universitat Polit\u00e8cnica de Val\u00e8ncia, Spain<\/li>\n<\/ul>\n<h3><strong>Scientific Committee<\/strong><\/h3>\n<ul class=\"listCommittee\">\n<li><strong>Chair<\/strong>:<span>\u00a0<\/span><a href=\"http:\/\/personales.upv.es\/carferll\/cv\/\" target=\"_blank\" rel=\"noopener\">Carlos Fernandez-Llatas<\/a>, Universitat Polit\u00e8cnica de Val\u00e8ncia, Spain<\/li>\n<li>Paulo de Carvalho, University of Coimbra, Portugal<\/li>\n<li>Anna-Maria Bianchi, Politecnico di Milano, Italy<\/li>\n<li>Jorge Munoz-Gama, Pontificia Universidad Catolica de Chile<\/li>\n<li>Fernando Seoane, Karolinska Institutet<\/li>\n<li>Jorge Henriques, University of Coimbra, Portugal<\/li>\n<li>Cenk Demiroglu, Ozyegin University, Turkey<\/li>\n<li>Johan Gustav Bellika, National Center of Telemedicine, Norway<\/li>\n<li>Yigzaw Kassaye Yitbarek, University of Tromso, Norway<\/li>\n<li>Raymundo Barrales, Universidad Aut\u00f3noma Metropolitana de M\u00e9xico<\/li>\n<li>Onur Dogan, Istanbul Technical University,, Turkey<\/li>\n<li><a href=\"http:\/\/www.uia.no\/en\/kk\/profile\/frankyl\" target=\"_blank\" rel=\"noopener\">Frank Y. Li<\/a>, University of Agder, Norway<\/li>\n<li>Pilar Sala, MySphera., Spain<\/li>\n<li>Alberto Bonastre, Universitat Polit\u00e8cnica de Val\u00e8ncia, Spain<\/li>\n<li>Jose Manuel Catala, Universitat Polit\u00e8cnica de Val\u00e8ncia, Spain<\/li>\n<li>Jose Carlos Campelo, Universitat Polit\u00e8cnica de Val\u00e8ncia, Spain<\/li>\n<li>Juan Vicente Capella, Universitat Polit\u00e8cnica de Val\u00e8ncia, Spain<\/li>\n<li>Antonio Mochol\u00ed, Universitat Polit\u00e8cnica de Val\u00e8ncia, Spain<\/li>\n<li>Sara Blanc, Universitat Polit\u00e8cnica de Val\u00e8ncia, Spain<\/li>\n<li>Juan-Carlos Baraza-Calvo, Universitat Polit\u00e8cnica de Val\u00e8ncia, Spain<\/li>\n<li>Juan Carlos Ruiz, Universitat Polit\u00e8cnica de Val\u00e8ncia, Spain<\/li>\n<li>Joaquin Gracia, Universitat Polit\u00e8cnica de Val\u00e8ncia, Spain<\/li>\n<li>David De Andres, Universitat Polit\u00e8cnica de Val\u00e8ncia, Spain<\/li>\n<li>Ricardo Mercado, Universitat Polit\u00e8cnica de Val\u00e8ncia, Spain<\/li>\n<li>Lenin Lemus, Universitat Polit\u00e8cnica de Val\u00e8ncia, Spain<\/li>\n<li>Vicente Traver, Universitat Polit\u00e8cnica de Val\u00e8ncia, Spain<\/li>\n<li>Antonio Martinez-Millana, Universitat Polit\u00e8cnica de Val\u00e8ncia, Spain<\/li>\n<li>Jose Luis Bayo-Monton, Universitat Polit\u00e8cnica de Val\u00e8ncia, Spain<\/li>\n<li>Juan Miguel Garc\u00eda-Gomez, Universitat Polit\u00e8cnica de Val\u00e8ncia, Spain<\/li>\n<li>Elies Fuster, Universitat Polit\u00e8cnica de Val\u00e8ncia, Spain<\/li>\n<li>Carlos Saez, Universitat Polit\u00e8cnica de Val\u00e8ncia, Spain<\/li>\n<li>\u00c1ngel Perles, Universitat Polit\u00e8cnica de Val\u00e8ncia, Spain<\/li>\n<li>Luis Jos\u00e9 Saiz Adalid, Universitat Polit\u00e8cnica de Val\u00e8ncia, Spain<\/li>\n<li>Gema Iba\u00f1ez, Universitat Polit\u00e8cnica de Val\u00e8ncia, Spain<\/li>\n<li>Pedro Yuste, Universitat Polit\u00e8cnica de Val\u00e8ncia, Spain<\/li>\n<li>Daniel Gil Tom\u00e0s, Universitat Polit\u00e8cnica de Val\u00e8ncia, Spain<\/li>\n<li>Sabina Asensio, Universitat Polit\u00e8cnica de Val\u00e8ncia, Spain<\/li>\n<li>Beatriz Garcia-Ba\u00f1os, Universitat Polit\u00e8cnica de Val\u00e8ncia, Spain<\/li>\n<li>Francisco Castells, Universitat Polit\u00e8cnica de Val\u00e8ncia, Spain<\/li>\n<li>Diogo Nunes, University of Coimbra, Portugal<\/li>\n<li>Adriana Leal, University of Coimbra, Portugal<\/li>\n<li>Zoe Valero Ram\u00f3n, Universitat Polit\u00e8cnica de Val\u00e8ncia, Spain<\/li>\n<li>Yolanda Vives, Universitat Polit\u00e8cnica de Val\u00e8ncia, Spain<\/li>\n<li>Javier Urchueguia, Universitat Polit\u00e8cnica de Val\u00e8ncia, Spain<\/li>\n<li>Jose Vicente Oliver. Universitat Polit\u00e8cnica de Val\u00e8ncia, Spain<\/li>\n<li>Victoria Lerma, Universitat Polit\u00e8cnica de Val\u00e8ncia, Spain<\/li>\n<li>Edgar Lorenzo, Universitat Polit\u00e8cnica de Val\u00e8ncia, Spain<\/li>\n<\/ul>[\/et_pb_text][\/et_pb_column][\/et_pb_row][\/et_pb_section]\n","protected":false},"excerpt":{"rendered":"<p>CommitteesOrganizing Committee Chair: Antonio Martinez-Millana, Universitat Polit\u00e8cnica de Val\u00e8ncia, Spain Maria Guillem, Universitat Polit\u00e8cnica de Val\u00e8ncia, Spain David de Andres, Universitat Polit\u00e8cnica de Val\u00e8ncia, Spain Carlos Fern\u00e1ndez-Llatas, Universitat Polit\u00e8cnica de Val\u00e8ncia, Spain Jose Mariano Dahoui, Universitat Polit\u00e8cnica de Val\u00e8ncia, Spain Scientific Committee Chair:\u00a0Carlos Fernandez-Llatas, Universitat Polit\u00e8cnica de Val\u00e8ncia, Spain Paulo de Carvalho, University of Coimbra, [&hellip;]<\/p>\n","protected":false},"author":1,"featured_media":0,"parent":0,"menu_order":0,"comment_status":"closed","ping_status":"closed","template":"","meta":{"_acf_changed":false,"_et_pb_use_builder":"on","_et_pb_old_content":"","_et_gb_content_width":"","footnotes":""},"difl_page_category":[],"class_list":["post-13330","page","type-page","status-publish","hentry"],"acf":[],"yoast_head":"<!-- This site is optimized with the Yoast SEO plugin v26.8 - https:\/\/yoast.com\/product\/yoast-seo-wordpress\/ -->\n<title>Committees | WIICT 2026<\/title>\n<meta name=\"robots\" content=\"index, follow, max-snippet:-1, max-image-preview:large, max-video-preview:-1\" \/>\n<link rel=\"canonical\" href=\"https:\/\/www.itaca.upv.es\/wiict\/committees\/\" \/>\n<meta property=\"og:locale\" content=\"es_ES\" \/>\n<meta property=\"og:type\" content=\"article\" \/>\n<meta property=\"og:title\" content=\"Committees | WIICT 2026\" \/>\n<meta property=\"og:description\" content=\"CommitteesOrganizing Committee Chair: Antonio Martinez-Millana, Universitat Polit\u00e8cnica de Val\u00e8ncia, Spain Maria Guillem, Universitat Polit\u00e8cnica de Val\u00e8ncia, Spain David de Andres, Universitat Polit\u00e8cnica de Val\u00e8ncia, Spain Carlos Fern\u00e1ndez-Llatas, Universitat Polit\u00e8cnica de Val\u00e8ncia, Spain Jose Mariano Dahoui, Universitat Polit\u00e8cnica de Val\u00e8ncia, Spain Scientific Committee Chair:\u00a0Carlos Fernandez-Llatas, Universitat Polit\u00e8cnica de Val\u00e8ncia, Spain Paulo de Carvalho, University of Coimbra, [&hellip;]\" \/>\n<meta property=\"og:url\" content=\"https:\/\/www.itaca.upv.es\/wiict\/committees\/\" \/>\n<meta property=\"og:site_name\" content=\"WIICT 2026\" \/>\n<meta property=\"article:modified_time\" content=\"2026-01-21T13:09:03+00:00\" \/>\n<meta name=\"twitter:card\" content=\"summary_large_image\" \/>\n<meta name=\"twitter:label1\" content=\"Tiempo de lectura\" \/>\n\t<meta name=\"twitter:data1\" content=\"2 minutos\" \/>\n<script type=\"application\/ld+json\" class=\"yoast-schema-graph\">{\"@context\":\"https:\/\/schema.org\",\"@graph\":[{\"@type\":\"WebPage\",\"@id\":\"https:\/\/www.itaca.upv.es\/wiict\/committees\/\",\"url\":\"https:\/\/www.itaca.upv.es\/wiict\/committees\/\",\"name\":\"Committees | WIICT 2026\",\"isPartOf\":{\"@id\":\"https:\/\/www.itaca.upv.es\/wiict\/#website\"},\"datePublished\":\"2024-01-22T17:42:41+00:00\",\"dateModified\":\"2026-01-21T13:09:03+00:00\",\"breadcrumb\":{\"@id\":\"https:\/\/www.itaca.upv.es\/wiict\/committees\/#breadcrumb\"},\"inLanguage\":\"es\",\"potentialAction\":[{\"@type\":\"ReadAction\",\"target\":[\"https:\/\/www.itaca.upv.es\/wiict\/committees\/\"]}]},{\"@type\":\"BreadcrumbList\",\"@id\":\"https:\/\/www.itaca.upv.es\/wiict\/committees\/#breadcrumb\",\"itemListElement\":[{\"@type\":\"ListItem\",\"position\":1,\"name\":\"Portada\",\"item\":\"https:\/\/www.itaca.upv.es\/wiict\/\"},{\"@type\":\"ListItem\",\"position\":2,\"name\":\"Committees\"}]},{\"@type\":\"WebSite\",\"@id\":\"https:\/\/www.itaca.upv.es\/wiict\/#website\",\"url\":\"https:\/\/www.itaca.upv.es\/wiict\/\",\"name\":\"WIICT 2026\",\"description\":\"\",\"potentialAction\":[{\"@type\":\"SearchAction\",\"target\":{\"@type\":\"EntryPoint\",\"urlTemplate\":\"https:\/\/www.itaca.upv.es\/wiict\/?s={search_term_string}\"},\"query-input\":{\"@type\":\"PropertyValueSpecification\",\"valueRequired\":true,\"valueName\":\"search_term_string\"}}],\"inLanguage\":\"es\"}]}<\/script>\n<!-- \/ Yoast SEO plugin. -->","yoast_head_json":{"title":"Committees | WIICT 2026","robots":{"index":"index","follow":"follow","max-snippet":"max-snippet:-1","max-image-preview":"max-image-preview:large","max-video-preview":"max-video-preview:-1"},"canonical":"https:\/\/www.itaca.upv.es\/wiict\/committees\/","og_locale":"es_ES","og_type":"article","og_title":"Committees | WIICT 2026","og_description":"CommitteesOrganizing Committee Chair: Antonio Martinez-Millana, Universitat Polit\u00e8cnica de Val\u00e8ncia, Spain Maria Guillem, Universitat Polit\u00e8cnica de Val\u00e8ncia, Spain David de Andres, Universitat Polit\u00e8cnica de Val\u00e8ncia, Spain Carlos Fern\u00e1ndez-Llatas, Universitat Polit\u00e8cnica de Val\u00e8ncia, Spain Jose Mariano Dahoui, Universitat Polit\u00e8cnica de Val\u00e8ncia, Spain Scientific Committee Chair:\u00a0Carlos Fernandez-Llatas, Universitat Polit\u00e8cnica de Val\u00e8ncia, Spain Paulo de Carvalho, University of Coimbra, [&hellip;]","og_url":"https:\/\/www.itaca.upv.es\/wiict\/committees\/","og_site_name":"WIICT 2026","article_modified_time":"2026-01-21T13:09:03+00:00","twitter_card":"summary_large_image","twitter_misc":{"Tiempo de lectura":"2 minutos"},"schema":{"@context":"https:\/\/schema.org","@graph":[{"@type":"WebPage","@id":"https:\/\/www.itaca.upv.es\/wiict\/committees\/","url":"https:\/\/www.itaca.upv.es\/wiict\/committees\/","name":"Committees | WIICT 2026","isPartOf":{"@id":"https:\/\/www.itaca.upv.es\/wiict\/#website"},"datePublished":"2024-01-22T17:42:41+00:00","dateModified":"2026-01-21T13:09:03+00:00","breadcrumb":{"@id":"https:\/\/www.itaca.upv.es\/wiict\/committees\/#breadcrumb"},"inLanguage":"es","potentialAction":[{"@type":"ReadAction","target":["https:\/\/www.itaca.upv.es\/wiict\/committees\/"]}]},{"@type":"BreadcrumbList","@id":"https:\/\/www.itaca.upv.es\/wiict\/committees\/#breadcrumb","itemListElement":[{"@type":"ListItem","position":1,"name":"Portada","item":"https:\/\/www.itaca.upv.es\/wiict\/"},{"@type":"ListItem","position":2,"name":"Committees"}]},{"@type":"WebSite","@id":"https:\/\/www.itaca.upv.es\/wiict\/#website","url":"https:\/\/www.itaca.upv.es\/wiict\/","name":"WIICT 2026","description":"","potentialAction":[{"@type":"SearchAction","target":{"@type":"EntryPoint","urlTemplate":"https:\/\/www.itaca.upv.es\/wiict\/?s={search_term_string}"},"query-input":{"@type":"PropertyValueSpecification","valueRequired":true,"valueName":"search_term_string"}}],"inLanguage":"es"}]}},"_links":{"self":[{"href":"https:\/\/www.itaca.upv.es\/wiict\/wp-json\/wp\/v2\/pages\/13330","targetHints":{"allow":["GET"]}}],"collection":[{"href":"https:\/\/www.itaca.upv.es\/wiict\/wp-json\/wp\/v2\/pages"}],"about":[{"href":"https:\/\/www.itaca.upv.es\/wiict\/wp-json\/wp\/v2\/types\/page"}],"author":[{"embeddable":true,"href":"https:\/\/www.itaca.upv.es\/wiict\/wp-json\/wp\/v2\/users\/1"}],"replies":[{"embeddable":true,"href":"https:\/\/www.itaca.upv.es\/wiict\/wp-json\/wp\/v2\/comments?post=13330"}],"version-history":[{"count":13,"href":"https:\/\/www.itaca.upv.es\/wiict\/wp-json\/wp\/v2\/pages\/13330\/revisions"}],"predecessor-version":[{"id":15824,"href":"https:\/\/www.itaca.upv.es\/wiict\/wp-json\/wp\/v2\/pages\/13330\/revisions\/15824"}],"wp:attachment":[{"href":"https:\/\/www.itaca.upv.es\/wiict\/wp-json\/wp\/v2\/media?parent=13330"}],"wp:term":[{"taxonomy":"difl_page_category","embeddable":true,"href":"https:\/\/www.itaca.upv.es\/wiict\/wp-json\/wp\/v2\/difl_page_category?post=13330"}],"curies":[{"name":"wp","href":"https:\/\/api.w.org\/{rel}","templated":true}]}}